{"id":1206,"date":"2020-11-17T11:12:18","date_gmt":"2020-11-17T16:12:18","guid":{"rendered":"https:\/\/piramalcriticalcare.com\/78jabjkjbs\/?page_id=1206"},"modified":"2021-01-28T06:53:24","modified_gmt":"2021-01-28T11:53:24","slug":"i-nostri-valori","status":"publish","type":"page","link":"https:\/\/piramalcriticalcare.com\/italy\/la-nostra-azienda\/i-nostri-valori\/","title":{"rendered":"I Nostri Valori"},"content":{"rendered":"<p>I valori fondamentali del Gruppo Piramal e di Piramal Critical Care sono parte integrante della nostra filosofia guida. I valori sono ci\u00f2 che connettono e dividono gli esseri umani. Determinano il modo in cui ci impegniamo con gli altri, ci\u00f2 che apprezziamo, ci\u00f2 che amiamo e ci\u00f2 per cui valga la pena lottare. Pertanto, vivere secondo i nostri valori non \u00e8 solo importante ma imperativo.<\/p>\n","protected":false},"excerpt":{"rendered":"<p>I valori fondamentali del Gruppo Piramal e di Piramal Critical Care sono parte integrante della nostra filosofia guida. I valori sono ci\u00f2 che connettono e dividono gli esseri umani. Determinano il modo in cui ci impegniamo con gli altri, ci\u00f2 che apprezziamo, ci\u00f2 che amiamo e ci\u00f2 per cui valga la pena lottare. Pertanto, vivere [&hellip;]<\/p>\n","protected":false},"author":7,"featured_media":0,"parent":50,"menu_order":0,"comment_status":"closed","ping_status":"closed","template":"","meta":{"_acf_changed":false,"footnotes":""},"class_list":["post-1206","page","type-page","status-publish","hentry"],"acf":[],"_links":{"self":[{"href":"https:\/\/piramalcriticalcare.com\/italy\/wp-json\/wp\/v2\/pages\/1206","targetHints":{"allow":["GET"]}}],"collection":[{"href":"https:\/\/piramalcriticalcare.com\/italy\/wp-json\/wp\/v2\/pages"}],"about":[{"href":"https:\/\/piramalcriticalcare.com\/italy\/wp-json\/wp\/v2\/types\/page"}],"author":[{"embeddable":true,"href":"https:\/\/piramalcriticalcare.com\/italy\/wp-json\/wp\/v2\/users\/7"}],"replies":[{"embeddable":true,"href":"https:\/\/piramalcriticalcare.com\/italy\/wp-json\/wp\/v2\/comments?post=1206"}],"version-history":[{"count":0,"href":"https:\/\/piramalcriticalcare.com\/italy\/wp-json\/wp\/v2\/pages\/1206\/revisions"}],"up":[{"embeddable":true,"href":"https:\/\/piramalcriticalcare.com\/italy\/wp-json\/wp\/v2\/pages\/50"}],"wp:attachment":[{"href":"https:\/\/piramalcriticalcare.com\/italy\/wp-json\/wp\/v2\/media?parent=1206"}],"curies":[{"name":"wp","href":"https:\/\/api.w.org\/{rel}","templated":true}]}}